{"id":8248,"date":"2023-02-01T10:00:51","date_gmt":"2023-02-01T15:00:51","guid":{"rendered":"https:\/\/magazine.100pour100chassepeche.com\/edition-2-aout-2o22\/?page_id=8248"},"modified":"2023-09-13T20:44:29","modified_gmt":"2023-09-14T00:44:29","slug":"une","status":"publish","type":"page","link":"https:\/\/magazine.100pour100chassepeche.com\/202309\/","title":{"rendered":"\u00c9dition"},"content":{"rendered":"\t\t<div data-elementor-type=\"wp-page\" data-elementor-id=\"8248\" class=\"elementor elementor-8248\">\n\t\t\t\t\t\t<section data-particle_enable=\"false\" data-particle-mobile-disabled=\"false\" class=\"elementor-section elementor-top-section elementor-element elementor-element-0ed4b12 elementor-section-content-top elementor-section-full_width elementor-section-height-default elementor-section-height-default elementor-invisible\" data-id=\"0ed4b12\" data-element_type=\"section\" data-settings=\"{&quot;background_background&quot;:&quot;gradient&quot;,&quot;animation&quot;:&quot;fadeIn&quot;}\">\n\t\t\t\t\t\t<div class=\"elementor-container elementor-column-gap-default\">\n\t\t\t\t\t<div class=\"elementor-column elementor-col-50 elementor-top-column elementor-element elementor-element-67f739a elementor-invisible\" data-id=\"67f739a\" data-element_type=\"column\" data-settings=\"{&quot;animation&quot;:&quot;fadeIn&quot;,&quot;background_background&quot;:&quot;gradient&quot;}\">\n\t\t\t<div class=\"elementor-widget-wrap elementor-element-populated\">\n\t\t\t\t\t\t<div class=\"elementor-element elementor-element-86b80eb elementor-widget elementor-widget-image\" data-id=\"86b80eb\" data-element_type=\"widget\" data-widget_type=\"image.default\">\n\t\t\t\t<div class=\"elementor-widget-container\">\n\t\t\t\t\t\t\t\t\t\t\t\t\t<img decoding=\"async\" src=\"https:\/\/magazine.100pour100chassepeche.com\/wp-content\/uploads\/sites\/5\/2022\/04\/logo_100chassepeche.png\" title=\"\" alt=\"\" loading=\"lazy\" \/>\t\t\t\t\t\t\t\t\t\t\t\t\t<\/div>\n\t\t\t\t<\/div>\n\t\t\t\t\t<\/div>\n\t\t<\/div>\n\t\t\t\t<div class=\"elementor-column elementor-col-50 elementor-top-column elementor-element elementor-element-b17a3af\" data-id=\"b17a3af\" data-element_type=\"column\">\n\t\t\t<div class=\"elementor-widget-wrap elementor-element-populated\">\n\t\t\t\t\t\t<div class=\"elementor-element elementor-element-efae51f e-transform elementor-widget elementor-widget-heading\" data-id=\"efae51f\" data-element_type=\"widget\" data-settings=\"{&quot;_transform_translateY_effect&quot;:{&quot;unit&quot;:&quot;px&quot;,&quot;size&quot;:&quot;0&quot;,&quot;sizes&quot;:[]},&quot;_transform_translateX_effect&quot;:{&quot;unit&quot;:&quot;px&quot;,&quot;size&quot;:&quot;&quot;,&quot;sizes&quot;:[]},&quot;_transform_translateX_effect_tablet&quot;:{&quot;unit&quot;:&quot;px&quot;,&quot;size&quot;:&quot;&quot;,&quot;sizes&quot;:[]},&quot;_transform_translateX_effect_mobile&quot;:{&quot;unit&quot;:&quot;px&quot;,&quot;size&quot;:&quot;&quot;,&quot;sizes&quot;:[]},&quot;_transform_translateY_effect_tablet&quot;:{&quot;unit&quot;:&quot;px&quot;,&quot;size&quot;:&quot;&quot;,&quot;sizes&quot;:[]},&quot;_transform_translateY_effect_mobile&quot;:{&quot;unit&quot;:&quot;px&quot;,&quot;size&quot;:&quot;&quot;,&quot;sizes&quot;:[]}}\" data-widget_type=\"heading.default\">\n\t\t\t\t<div class=\"elementor-widget-container\">\n\t\t\t<h2 class=\"elementor-heading-title elementor-size-default\">\u00c9DITION SEPTEMBRE 2023<\/h2>\t\t<\/div>\n\t\t\t\t<\/div>\n\t\t\t\t<div class=\"elementor-element elementor-element-7c75d67 elementor-widget elementor-widget-text-editor\" data-id=\"7c75d67\" data-element_type=\"widget\" data-widget_type=\"text-editor.default\">\n\t\t\t\t<div class=\"elementor-widget-container\">\n\t\t\t\t\t\t\t<p>VOLUME 2 | \u00c9DITION 4<\/p>\t\t\t\t\t\t<\/div>\n\t\t\t\t<\/div>\n\t\t\t\t<div class=\"elementor-element elementor-element-07d4e7c elementor-widget elementor-widget-text-editor\" data-id=\"07d4e7c\" data-element_type=\"widget\" data-widget_type=\"text-editor.default\">\n\t\t\t\t<div class=\"elementor-widget-container\">\n\t\t\t\t\t\t\t<p>11 articles de fond\u00a0 \u00a0 |\u00a0 \u00a0 11 chroniques<\/p>\t\t\t\t\t\t<\/div>\n\t\t\t\t<\/div>\n\t\t\t\t\t<\/div>\n\t\t<\/div>\n\t\t\t\t\t<\/div>\n\t\t<\/section>\n\t\t\t\t<section data-particle_enable=\"false\" data-particle-mobile-disabled=\"false\" class=\"elementor-section elementor-top-section elementor-element elementor-element-10ffb04 elementor-section-full_width elementor-hidden-mobile elementor-section-height-default elementor-section-height-default\" data-id=\"10ffb04\" data-element_type=\"section\" data-settings=\"{&quot;background_background&quot;:&quot;classic&quot;}\">\n\t\t\t\t\t\t<div class=\"elementor-container elementor-column-gap-default\">\n\t\t\t\t\t<div class=\"elementor-column elementor-col-100 elementor-top-column elementor-element elementor-element-e291e18\" data-id=\"e291e18\" data-element_type=\"column\">\n\t\t\t<div class=\"elementor-widget-wrap elementor-element-populated\">\n\t\t\t\t\t\t<div class=\"elementor-element elementor-element-97a144d elementor-widget elementor-widget-image\" data-id=\"97a144d\" data-element_type=\"widget\" data-widget_type=\"image.default\">\n\t\t\t\t<div class=\"elementor-widget-container\">\n\t\t\t\t\t\t\t\t\t\t\t\t\t<img fetchpriority=\"high\" decoding=\"async\" width=\"1920\" height=\"1148\" src=\"https:\/\/magazine.100pour100chassepeche.com\/202309\/wp-content\/uploads\/sites\/18\/2023\/09\/une.jpg\" class=\"attachment-full size-full wp-image-17786\" alt=\"\" srcset=\"https:\/\/magazine.100pour100chassepeche.com\/202309\/wp-content\/uploads\/sites\/18\/2023\/09\/une.jpg 1920w, https:\/\/magazine.100pour100chassepeche.com\/202309\/wp-content\/uploads\/sites\/18\/2023\/09\/une-300x179.jpg 300w, https:\/\/magazine.100pour100chassepeche.com\/202309\/wp-content\/uploads\/sites\/18\/2023\/09\/une-1024x612.jpg 1024w, https:\/\/magazine.100pour100chassepeche.com\/202309\/wp-content\/uploads\/sites\/18\/2023\/09\/une-768x459.jpg 768w, https:\/\/magazine.100pour100chassepeche.com\/202309\/wp-content\/uploads\/sites\/18\/2023\/09\/une-1536x918.jpg 1536w\" sizes=\"(max-width: 1920px) 100vw, 1920px\" \/>\t\t\t\t\t\t\t\t\t\t\t\t\t<\/div>\n\t\t\t\t<\/div>\n\t\t\t\t\t<\/div>\n\t\t<\/div>\n\t\t\t\t\t<\/div>\n\t\t<\/section>\n\t\t\t\t<section data-particle_enable=\"false\" data-particle-mobile-disabled=\"false\" class=\"elementor-section elementor-top-section elementor-element elementor-element-5dd3c2d elementor-section-full_width elementor-hidden-desktop elementor-hidden-tablet elementor-section-height-default elementor-section-height-default\" data-id=\"5dd3c2d\" data-element_type=\"section\" data-settings=\"{&quot;background_background&quot;:&quot;classic&quot;}\">\n\t\t\t\t\t\t<div class=\"elementor-container elementor-column-gap-default\">\n\t\t\t\t\t<div class=\"elementor-column elementor-col-100 elementor-top-column elementor-element elementor-element-08ce416\" data-id=\"08ce416\" data-element_type=\"column\">\n\t\t\t<div class=\"elementor-widget-wrap elementor-element-populated\">\n\t\t\t\t\t\t<div class=\"elementor-element elementor-element-ad3af5f elementor-widget elementor-widget-image\" data-id=\"ad3af5f\" data-element_type=\"widget\" data-widget_type=\"image.default\">\n\t\t\t\t<div class=\"elementor-widget-container\">\n\t\t\t\t\t\t\t\t\t\t\t\t\t<img decoding=\"async\" width=\"800\" height=\"676\" src=\"https:\/\/magazine.100pour100chassepeche.com\/202309\/wp-content\/uploads\/sites\/18\/2023\/09\/une_mob.jpg\" class=\"attachment-full size-full wp-image-17787\" alt=\"\" srcset=\"https:\/\/magazine.100pour100chassepeche.com\/202309\/wp-content\/uploads\/sites\/18\/2023\/09\/une_mob.jpg 800w, https:\/\/magazine.100pour100chassepeche.com\/202309\/wp-content\/uploads\/sites\/18\/2023\/09\/une_mob-300x254.jpg 300w, https:\/\/magazine.100pour100chassepeche.com\/202309\/wp-content\/uploads\/sites\/18\/2023\/09\/une_mob-768x649.jpg 768w\" sizes=\"(max-width: 800px) 100vw, 800px\" \/>\t\t\t\t\t\t\t\t\t\t\t\t\t<\/div>\n\t\t\t\t<\/div>\n\t\t\t\t\t<\/div>\n\t\t<\/div>\n\t\t\t\t\t<\/div>\n\t\t<\/section>\n\t\t\t\t<section data-particle_enable=\"false\" data-particle-mobile-disabled=\"false\" class=\"elementor-section elementor-top-section elementor-element elementor-element-a2eea33 elementor-section-full_width elementor-section-height-default elementor-section-height-default\" data-id=\"a2eea33\" data-element_type=\"section\">\n\t\t\t\t\t\t<div class=\"elementor-container elementor-column-gap-default\">\n\t\t\t\t\t<div class=\"elementor-column elementor-col-100 elementor-top-column elementor-element elementor-element-6d068ae\" data-id=\"6d068ae\" data-element_type=\"column\" data-settings=\"{&quot;background_background&quot;:&quot;classic&quot;}\">\n\t\t\t<div class=\"elementor-widget-wrap elementor-element-populated\">\n\t\t\t\t\t\t<div class=\"elementor-element elementor-element-d832d6d elementor-invisible elementor-widget elementor-widget-heading\" data-id=\"d832d6d\" data-element_type=\"widget\" data-settings=\"{&quot;_animation&quot;:&quot;fadeInRight&quot;,&quot;_animation_delay&quot;:1000}\" data-widget_type=\"heading.default\">\n\t\t\t\t<div class=\"elementor-widget-container\">\n\t\t\t<h2 class=\"elementor-heading-title elementor-size-default\">ORIGNAL<\/h2>\t\t<\/div>\n\t\t\t\t<\/div>\n\t\t\t\t<div class=\"elementor-element elementor-element-c8cb1ae animated-slow elementor-invisible elementor-widget elementor-widget-heading\" data-id=\"c8cb1ae\" data-element_type=\"widget\" data-settings=\"{&quot;_animation&quot;:&quot;fadeInRight&quot;,&quot;_animation_delay&quot;:2000}\" data-widget_type=\"heading.default\">\n\t\t\t\t<div class=\"elementor-widget-container\">\n\t\t\t<h2 class=\"elementor-heading-title elementor-size-default\">UNE PANOPLIE DE TRUCS POUR AUGMENTER VOTRE SUCC\u00c8S!<\/h2>\t\t<\/div>\n\t\t\t\t<\/div>\n\t\t\t\t\t<\/div>\n\t\t<\/div>\n\t\t\t\t\t<\/div>\n\t\t<\/section>\n\t\t\t\t<section data-particle_enable=\"false\" data-particle-mobile-disabled=\"false\" class=\"elementor-section elementor-top-section elementor-element elementor-element-2e5ad7e elementor-section-boxed elementor-section-height-default elementor-section-height-default\" data-id=\"2e5ad7e\" data-element_type=\"section\" data-settings=\"{&quot;background_background&quot;:&quot;classic&quot;}\">\n\t\t\t\t\t\t<div class=\"elementor-container elementor-column-gap-default\">\n\t\t\t\t\t<div class=\"elementor-column elementor-col-100 elementor-top-column elementor-element elementor-element-04882c5\" data-id=\"04882c5\" data-element_type=\"column\">\n\t\t\t<div class=\"elementor-widget-wrap elementor-element-populated\">\n\t\t\t\t\t\t<div class=\"elementor-element elementor-element-dc0380b elementor-hidden-mobile elementor-widget elementor-widget-wp-widget-advads_ad_widget\" data-id=\"dc0380b\" data-element_type=\"widget\" data-widget_type=\"wp-widget-advads_ad_widget.default\">\n\t\t\t\t<div class=\"elementor-widget-container\">\n\t\t\t<a data-no-instant=\"1\" href=\"https:\/\/magazine.100pour100chassepeche.com\/abonnement\/#concours\" rel=\"noopener\" class=\"adv-link\" target=\"_blank\" aria-label=\"Mabec_Bandeau-1\"><img decoding=\"async\" src=\"https:\/\/magazine.100pour100chassepeche.com\/202309\/wp-content\/uploads\/sites\/18\/2023\/09\/Mabec_Bandeau-1.jpg\" alt=\"\"  srcset=\"https:\/\/magazine.100pour100chassepeche.com\/202309\/wp-content\/uploads\/sites\/18\/2023\/09\/Mabec_Bandeau-1.jpg 1920w, https:\/\/magazine.100pour100chassepeche.com\/202309\/wp-content\/uploads\/sites\/18\/2023\/09\/Mabec_Bandeau-1-300x47.jpg 300w, https:\/\/magazine.100pour100chassepeche.com\/202309\/wp-content\/uploads\/sites\/18\/2023\/09\/Mabec_Bandeau-1-1024x160.jpg 1024w, https:\/\/magazine.100pour100chassepeche.com\/202309\/wp-content\/uploads\/sites\/18\/2023\/09\/Mabec_Bandeau-1-768x120.jpg 768w, https:\/\/magazine.100pour100chassepeche.com\/202309\/wp-content\/uploads\/sites\/18\/2023\/09\/Mabec_Bandeau-1-1536x240.jpg 1536w\" sizes=\"(max-width: 1920px) 100vw, 1920px\" width=\"1920\" height=\"300\"   \/><\/a>\t\t<\/div>\n\t\t\t\t<\/div>\n\t\t\t\t<div class=\"elementor-element elementor-element-32d3370 elementor-hidden-desktop elementor-hidden-tablet elementor-widget elementor-widget-wp-widget-advads_ad_widget\" data-id=\"32d3370\" data-element_type=\"widget\" data-widget_type=\"wp-widget-advads_ad_widget.default\">\n\t\t\t\t<div class=\"elementor-widget-container\">\n\t\t\t<a data-no-instant=\"1\" href=\"https:\/\/magazine.100pour100chassepeche.com\/abonnement\/#concours\" rel=\"noopener\" class=\"adv-link\" target=\"_blank\" aria-label=\"Mabec_Bandeau-2\"><img loading=\"lazy\" decoding=\"async\" src=\"https:\/\/magazine.100pour100chassepeche.com\/202309\/wp-content\/uploads\/sites\/18\/2023\/09\/Mabec_Bandeau-2.jpg\" alt=\"\"  srcset=\"https:\/\/magazine.100pour100chassepeche.com\/202309\/wp-content\/uploads\/sites\/18\/2023\/09\/Mabec_Bandeau-2.jpg 360w, https:\/\/magazine.100pour100chassepeche.com\/202309\/wp-content\/uploads\/sites\/18\/2023\/09\/Mabec_Bandeau-2-300x129.jpg 300w\" sizes=\"(max-width: 360px) 100vw, 360px\" width=\"360\" height=\"155\"   \/><\/a>\t\t<\/div>\n\t\t\t\t<\/div>\n\t\t\t\t<div class=\"elementor-element elementor-element-a1d8ead elementor-align-center elementor-widget elementor-widget-button\" data-id=\"a1d8ead\" data-element_type=\"widget\" data-widget_type=\"button.default\">\n\t\t\t\t<div class=\"elementor-widget-container\">\n\t\t\t\t\t<div class=\"elementor-button-wrapper\">\n\t\t\t<a class=\"elementor-button elementor-button-link elementor-size-xl\" href=\"https:\/\/magazine.100pour100chassepeche.com\/202309\/tableau-de-bord\/\">\n\t\t\t\t\t\t<span class=\"elementor-button-content-wrapper\">\n\t\t\t\t\t\t\t\t\t<span class=\"elementor-button-text\">D\u00c9BUTER LA LECTURE<\/span>\n\t\t\t\t\t<\/span>\n\t\t\t\t\t<\/a>\n\t\t<\/div>\n\t\t\t\t<\/div>\n\t\t\t\t<\/div>\n\t\t\t\t\t<\/div>\n\t\t<\/div>\n\t\t\t\t\t<\/div>\n\t\t<\/section>\n\t\t\t\t<\/div>\n\t\t","protected":false},"excerpt":{"rendered":"<p>\u00c9DITION SEPTEMBRE 2023 VOLUME 2 | \u00c9DITION 4 11 articles de fond\u00a0 \u00a0 |\u00a0 \u00a0 11 chroniques ORIGNAL UNE PANOPLIE DE TRUCS POUR AUGMENTER VOTRE SUCC\u00c8S! D\u00c9BUTER LA LECTURE<\/p>\n","protected":false},"author":1,"featured_media":0,"parent":0,"menu_order":1,"comment_status":"closed","ping_status":"closed","template":"","meta":{"site-sidebar-layout":"no-sidebar","site-content-layout":"page-builder","ast-site-content-layout":"","site-content-style":"default","site-sidebar-style":"default","ast-global-header-display":"","ast-banner-title-visibility":"","ast-main-header-display":"","ast-hfb-above-header-display":"","ast-hfb-below-header-display":"","ast-hfb-mobile-header-display":"","site-post-title":"disabled","ast-breadcrumbs-content":"","ast-featured-img":"disabled","footer-sml-layout":"","theme-transparent-header-meta":"default","adv-header-id-meta":"","stick-header-meta":"default","header-above-stick-meta":"","header-main-stick-meta":"","header-below-stick-meta":"","astra-migrate-meta-layouts":"default","ast-page-background-enabled":"default","ast-page-background-meta":{"desktop":{"background-color":"","background-image":"","background-repeat":"repeat","background-position":"center center","background-size":"auto","background-attachment":"scroll","background-type":"","background-media":"","overlay-type":"","overlay-color":"","overlay-opacity":"","overlay-gradient":""},"tablet":{"background-color":"","background-image":"","background-repeat":"repeat","background-position":"center center","background-size":"auto","background-attachment":"scroll","background-type":"","background-media":"","overlay-type":"","overlay-color":"","overlay-opacity":"","overlay-gradient":""},"mobile":{"background-color":"","background-image":"","background-repeat":"repeat","background-position":"center center","background-size":"auto","background-attachment":"scroll","background-type":"","background-media":"","overlay-type":"","overlay-color":"","overlay-opacity":"","overlay-gradient":""}},"ast-content-background-meta":{"desktop":{"background-color":"var(--ast-global-color-5)","background-image":"","background-repeat":"repeat","background-position":"center center","background-size":"auto","background-attachment":"scroll","background-type":"","background-media":"","overlay-type":"","overlay-color":"","overlay-opacity":"","overlay-gradient":""},"tablet":{"background-color":"var(--ast-global-color-5)","background-image":"","background-repeat":"repeat","background-position":"center center","background-size":"auto","background-attachment":"scroll","background-type":"","background-media":"","overlay-type":"","overlay-color":"","overlay-opacity":"","overlay-gradient":""},"mobile":{"background-color":"var(--ast-global-color-5)","background-image":"","background-repeat":"repeat","background-position":"center center","background-size":"auto","background-attachment":"scroll","background-type":"","background-media":"","overlay-type":"","overlay-color":"","overlay-opacity":"","overlay-gradient":""}},"footnotes":""},"class_list":["post-8248","page","type-page","status-publish","hentry"],"yoast_head":"<!-- This site is optimized with the Yoast SEO plugin v23.3 - https:\/\/yoast.com\/wordpress\/plugins\/seo\/ -->\n<title>\u00c9dition - Magazine - Volume 2 - \u00c9dition 4 - Septembre 2023<\/title>\n<meta name=\"description\" content=\"ORIGNAL : UNE PANOPLIE DE TRUCS POUR AUGMENTER VOTRE SUCC\u00c8S!\" \/>\n<meta name=\"robots\" content=\"index, follow, max-snippet:-1, max-image-preview:large, max-video-preview:-1\" \/>\n<link rel=\"canonical\" href=\"https:\/\/magazine.100pour100chassepeche.com\/202309\/\" \/>\n<meta property=\"og:locale\" content=\"fr_FR\" \/>\n<meta property=\"og:type\" content=\"article\" \/>\n<meta property=\"og:title\" content=\"ORIGNAL : UNE PANOPLIE DE TRUCS POUR AUGMENTER VOTRE SUCC\u00c8S!\" \/>\n<meta property=\"og:description\" content=\"ORIGNAL : UNE PANOPLIE DE TRUCS POUR AUGMENTER VOTRE SUCC\u00c8S!\" \/>\n<meta property=\"og:url\" content=\"https:\/\/magazine.100pour100chassepeche.com\/202309\/\" \/>\n<meta property=\"og:site_name\" content=\"Magazine - Volume 2 - \u00c9dition 4 - Septembre 2023\" \/>\n<meta property=\"article:modified_time\" content=\"2023-09-14T00:44:29+00:00\" \/>\n<meta property=\"og:image\" content=\"https:\/\/magazine.100pour100chassepeche.com\/202309\/wp-content\/uploads\/sites\/18\/2023\/09\/une.jpg\" \/>\n\t<meta property=\"og:image:width\" content=\"1920\" \/>\n\t<meta property=\"og:image:height\" content=\"1148\" \/>\n\t<meta property=\"og:image:type\" content=\"image\/jpeg\" \/>\n<meta name=\"twitter:card\" content=\"summary_large_image\" \/>\n<meta name=\"twitter:title\" content=\"ORIGNAL : UNE PANOPLIE DE TRUCS POUR AUGMENTER VOTRE SUCC\u00c8S!\" \/>\n<meta name=\"twitter:image\" content=\"https:\/\/magazine.100pour100chassepeche.com\/202309\/wp-content\/uploads\/sites\/18\/2023\/09\/une.jpg\" \/>\n<meta name=\"twitter:label1\" content=\"Dur\u00e9e de lecture estim\u00e9e\" \/>\n\t<meta name=\"twitter:data1\" content=\"2 minutes\" \/>\n<script type=\"application\/ld+json\" class=\"yoast-schema-graph\">{\"@context\":\"https:\/\/schema.org\",\"@graph\":[{\"@type\":\"WebPage\",\"@id\":\"https:\/\/magazine.100pour100chassepeche.com\/202309\/\",\"url\":\"https:\/\/magazine.100pour100chassepeche.com\/202309\/\",\"name\":\"\u00c9dition - Magazine - Volume 2 - \u00c9dition 4 - Septembre 2023\",\"isPartOf\":{\"@id\":\"https:\/\/magazine.100pour100chassepeche.com\/202309\/#website\"},\"primaryImageOfPage\":{\"@id\":\"https:\/\/magazine.100pour100chassepeche.com\/202309\/#primaryimage\"},\"image\":{\"@id\":\"https:\/\/magazine.100pour100chassepeche.com\/202309\/#primaryimage\"},\"thumbnailUrl\":\"https:\/\/magazine.100pour100chassepeche.com\/wp-content\/uploads\/sites\/5\/2022\/04\/logo_100chassepeche.png\",\"datePublished\":\"2023-02-01T15:00:51+00:00\",\"dateModified\":\"2023-09-14T00:44:29+00:00\",\"description\":\"ORIGNAL : UNE PANOPLIE DE TRUCS POUR AUGMENTER VOTRE SUCC\u00c8S!\",\"breadcrumb\":{\"@id\":\"https:\/\/magazine.100pour100chassepeche.com\/202309\/#breadcrumb\"},\"inLanguage\":\"fr-FR\",\"potentialAction\":[{\"@type\":\"ReadAction\",\"target\":[\"https:\/\/magazine.100pour100chassepeche.com\/202309\/\"]}]},{\"@type\":\"ImageObject\",\"inLanguage\":\"fr-FR\",\"@id\":\"https:\/\/magazine.100pour100chassepeche.com\/202309\/#primaryimage\",\"url\":\"https:\/\/magazine.100pour100chassepeche.com\/wp-content\/uploads\/sites\/5\/2022\/04\/logo_100chassepeche.png\",\"contentUrl\":\"https:\/\/magazine.100pour100chassepeche.com\/wp-content\/uploads\/sites\/5\/2022\/04\/logo_100chassepeche.png\"},{\"@type\":\"BreadcrumbList\",\"@id\":\"https:\/\/magazine.100pour100chassepeche.com\/202309\/#breadcrumb\",\"itemListElement\":[{\"@type\":\"ListItem\",\"position\":1,\"name\":\"Accueil\",\"item\":\"https:\/\/magazine.100pour100chassepeche.com\/202309\/\"},{\"@type\":\"ListItem\",\"position\":2,\"name\":\"\u00c9dition\"}]},{\"@type\":\"WebSite\",\"@id\":\"https:\/\/magazine.100pour100chassepeche.com\/202309\/#website\",\"url\":\"https:\/\/magazine.100pour100chassepeche.com\/202309\/\",\"name\":\"Magazine - Volume 2 - \u00c9dition 4 - Septembre 2023\",\"description\":\"Magazine Web gratuit\",\"potentialAction\":[{\"@type\":\"SearchAction\",\"target\":{\"@type\":\"EntryPoint\",\"urlTemplate\":\"https:\/\/magazine.100pour100chassepeche.com\/202309\/?s={search_term_string}\"},\"query-input\":\"required name=search_term_string\"}],\"inLanguage\":\"fr-FR\"}]}<\/script>\n<!-- \/ Yoast SEO plugin. -->","yoast_head_json":{"title":"\u00c9dition - Magazine - Volume 2 - \u00c9dition 4 - Septembre 2023","description":"ORIGNAL : UNE PANOPLIE DE TRUCS POUR AUGMENTER VOTRE SUCC\u00c8S!","robots":{"index":"index","follow":"follow","max-snippet":"max-snippet:-1","max-image-preview":"max-image-preview:large","max-video-preview":"max-video-preview:-1"},"canonical":"https:\/\/magazine.100pour100chassepeche.com\/202309\/","og_locale":"fr_FR","og_type":"article","og_title":"ORIGNAL : UNE PANOPLIE DE TRUCS POUR AUGMENTER VOTRE SUCC\u00c8S!","og_description":"ORIGNAL : UNE PANOPLIE DE TRUCS POUR AUGMENTER VOTRE SUCC\u00c8S!","og_url":"https:\/\/magazine.100pour100chassepeche.com\/202309\/","og_site_name":"Magazine - Volume 2 - \u00c9dition 4 - Septembre 2023","article_modified_time":"2023-09-14T00:44:29+00:00","og_image":[{"width":1920,"height":1148,"url":"https:\/\/magazine.100pour100chassepeche.com\/202309\/wp-content\/uploads\/sites\/18\/2023\/09\/une.jpg","type":"image\/jpeg"}],"twitter_card":"summary_large_image","twitter_title":"ORIGNAL : UNE PANOPLIE DE TRUCS POUR AUGMENTER VOTRE SUCC\u00c8S!","twitter_image":"https:\/\/magazine.100pour100chassepeche.com\/202309\/wp-content\/uploads\/sites\/18\/2023\/09\/une.jpg","twitter_misc":{"Dur\u00e9e de lecture estim\u00e9e":"2 minutes"},"schema":{"@context":"https:\/\/schema.org","@graph":[{"@type":"WebPage","@id":"https:\/\/magazine.100pour100chassepeche.com\/202309\/","url":"https:\/\/magazine.100pour100chassepeche.com\/202309\/","name":"\u00c9dition - Magazine - Volume 2 - \u00c9dition 4 - Septembre 2023","isPartOf":{"@id":"https:\/\/magazine.100pour100chassepeche.com\/202309\/#website"},"primaryImageOfPage":{"@id":"https:\/\/magazine.100pour100chassepeche.com\/202309\/#primaryimage"},"image":{"@id":"https:\/\/magazine.100pour100chassepeche.com\/202309\/#primaryimage"},"thumbnailUrl":"https:\/\/magazine.100pour100chassepeche.com\/wp-content\/uploads\/sites\/5\/2022\/04\/logo_100chassepeche.png","datePublished":"2023-02-01T15:00:51+00:00","dateModified":"2023-09-14T00:44:29+00:00","description":"ORIGNAL : UNE PANOPLIE DE TRUCS POUR AUGMENTER VOTRE SUCC\u00c8S!","breadcrumb":{"@id":"https:\/\/magazine.100pour100chassepeche.com\/202309\/#breadcrumb"},"inLanguage":"fr-FR","potentialAction":[{"@type":"ReadAction","target":["https:\/\/magazine.100pour100chassepeche.com\/202309\/"]}]},{"@type":"ImageObject","inLanguage":"fr-FR","@id":"https:\/\/magazine.100pour100chassepeche.com\/202309\/#primaryimage","url":"https:\/\/magazine.100pour100chassepeche.com\/wp-content\/uploads\/sites\/5\/2022\/04\/logo_100chassepeche.png","contentUrl":"https:\/\/magazine.100pour100chassepeche.com\/wp-content\/uploads\/sites\/5\/2022\/04\/logo_100chassepeche.png"},{"@type":"BreadcrumbList","@id":"https:\/\/magazine.100pour100chassepeche.com\/202309\/#breadcrumb","itemListElement":[{"@type":"ListItem","position":1,"name":"Accueil","item":"https:\/\/magazine.100pour100chassepeche.com\/202309\/"},{"@type":"ListItem","position":2,"name":"\u00c9dition"}]},{"@type":"WebSite","@id":"https:\/\/magazine.100pour100chassepeche.com\/202309\/#website","url":"https:\/\/magazine.100pour100chassepeche.com\/202309\/","name":"Magazine - Volume 2 - \u00c9dition 4 - Septembre 2023","description":"Magazine Web gratuit","potentialAction":[{"@type":"SearchAction","target":{"@type":"EntryPoint","urlTemplate":"https:\/\/magazine.100pour100chassepeche.com\/202309\/?s={search_term_string}"},"query-input":"required name=search_term_string"}],"inLanguage":"fr-FR"}]}},"_links":{"self":[{"href":"https:\/\/magazine.100pour100chassepeche.com\/202309\/wp-json\/wp\/v2\/pages\/8248","targetHints":{"allow":["GET"]}}],"collection":[{"href":"https:\/\/magazine.100pour100chassepeche.com\/202309\/wp-json\/wp\/v2\/pages"}],"about":[{"href":"https:\/\/magazine.100pour100chassepeche.com\/202309\/wp-json\/wp\/v2\/types\/page"}],"author":[{"embeddable":true,"href":"https:\/\/magazine.100pour100chassepeche.com\/202309\/wp-json\/wp\/v2\/users\/1"}],"replies":[{"embeddable":true,"href":"https:\/\/magazine.100pour100chassepeche.com\/202309\/wp-json\/wp\/v2\/comments?post=8248"}],"version-history":[{"count":338,"href":"https:\/\/magazine.100pour100chassepeche.com\/202309\/wp-json\/wp\/v2\/pages\/8248\/revisions"}],"predecessor-version":[{"id":18116,"href":"https:\/\/magazine.100pour100chassepeche.com\/202309\/wp-json\/wp\/v2\/pages\/8248\/revisions\/18116"}],"wp:attachment":[{"href":"https:\/\/magazine.100pour100chassepeche.com\/202309\/wp-json\/wp\/v2\/media?parent=8248"}],"curies":[{"name":"wp","href":"https:\/\/api.w.org\/{rel}","templated":true}]}}