{"version":"1.0","provider_name":"Magazine - Volume 2 - \u00c9dition 3 - Aout 2023","provider_url":"https:\/\/magazine.100pour100chassepeche.com\/202308","author_name":"Marjorie","author_url":"https:\/\/magazine.100pour100chassepeche.com\/202308\/author\/marjorie\/","title":"ORIGNAL - Suivi d'un m\u00e2le dans la deuxi\u00e8me p\u00e9riode de vuln\u00e9rabilit\u00e9 chez ce grand cervid\u00e9\u200b","type":"rich","width":600,"height":338,"html":"<blockquote class=\"wp-embedded-content\" data-secret=\"maufMOrt5k\"><a href=\"https:\/\/magazine.100pour100chassepeche.com\/202308\/orignal_suivi\/\">Orignal | Suivi d&rsquo;un m\u00e2le<\/a><\/blockquote><iframe sandbox=\"allow-scripts\" security=\"restricted\" src=\"https:\/\/magazine.100pour100chassepeche.com\/202308\/orignal_suivi\/embed\/#?secret=maufMOrt5k\" width=\"600\" height=\"338\" title=\"\u00ab\u00a0Orignal | Suivi d&rsquo;un m\u00e2le\u00a0\u00bb &#8212; Magazine - Volume 2 - \u00c9dition 3 - Aout 2023\" data-secret=\"maufMOrt5k\" frameborder=\"0\" marginwidth=\"0\" marginheight=\"0\" scrolling=\"no\" class=\"wp-embedded-content\"><\/iframe><script>\n\/*! This file is auto-generated *\/\n!function(d,l){\"use strict\";l.querySelector&&d.addEventListener&&\"undefined\"!=typeof URL&&(d.wp=d.wp||{},d.wp.receiveEmbedMessage||(d.wp.receiveEmbedMessage=function(e){var t=e.data;if((t||t.secret||t.message||t.value)&&!\/[^a-zA-Z0-9]\/.test(t.secret)){for(var s,r,n,a=l.querySelectorAll('iframe[data-secret=\"'+t.secret+'\"]'),o=l.querySelectorAll('blockquote[data-secret=\"'+t.secret+'\"]'),c=new RegExp(\"^https?:$\",\"i\"),i=0;i<o.length;i++)o[i].style.display=\"none\";for(i=0;i<a.length;i++)s=a[i],e.source===s.contentWindow&&(s.removeAttribute(\"style\"),\"height\"===t.message?(1e3<(r=parseInt(t.value,10))?r=1e3:~~r<200&&(r=200),s.height=r):\"link\"===t.message&&(r=new URL(s.getAttribute(\"src\")),n=new URL(t.value),c.test(n.protocol))&&n.host===r.host&&l.activeElement===s&&(d.top.location.href=t.value))}},d.addEventListener(\"message\",d.wp.receiveEmbedMessage,!1),l.addEventListener(\"DOMContentLoaded\",function(){for(var e,t,s=l.querySelectorAll(\"iframe.wp-embedded-content\"),r=0;r<s.length;r++)(t=(e=s[r]).getAttribute(\"data-secret\"))||(t=Math.random().toString(36).substring(2,12),e.src+=\"#?secret=\"+t,e.setAttribute(\"data-secret\",t)),e.contentWindow.postMessage({message:\"ready\",secret:t},\"*\")},!1)))}(window,document);\n\/\/# sourceURL=https:\/\/magazine.100pour100chassepeche.com\/202308\/wp-includes\/js\/wp-embed.min.js\n<\/script>\n","description":"Il me fait grandement plaisir de vous retrouver chers lecteurs avec la suite de notre article en lien avec les deux p\u00e9riodes de grande vuln\u00e9rabilit\u00e9 chez les orignaux parue dans l\u2019\u00e9dition d\u2019ao\u00fbt 2022. Nous avons la chance \u00e0 chaque ann\u00e9e d'entendre de nombreux t\u00e9moignages sur un retour d'activit\u00e9 ou bien une activit\u00e9 plus prononc\u00e9e lors de l'ouverture de la chasse qui correspond pour plusieurs \u00e0 la fin septembre.","thumbnail_url":"https:\/\/magazine.100pour100chassepeche.com\/202308\/wp-content\/uploads\/sites\/17\/2023\/02\/ouv_suivi.png","thumbnail_width":1200,"thumbnail_height":733}

Magazine - Volume 2 - Édition 3 - Aout 2023

ORIGNAL - Suivi d'un mâle dans la deuxième période de vulnérabilité chez ce grand cervidé​

<blockquote class="wp-embedded-content" data-secret="maufMOrt5k"><a href="https://magazine.100pour100chassepeche.com/202308/orignal_suivi/">Orignal | Suivi d&rsquo;un mâle</a></blockquote><iframe sandbox="allow-scripts" security="restricted" src="https://magazine.100pour100chassepeche.com/202308/orignal_suivi/embed/#?secret=maufMOrt5k" width="600" height="338" title="« Orignal | Suivi d&rsquo;un mâle » &#8212; Magazine - Volume 2 - Édition 3 - Aout 2023" data-secret="maufMOrt5k" frameborder="0" marginwidth="0" marginheight="0" scrolling="no" class="wp-embedded-content"></iframe><script>
/*! This file is auto-generated */
!function(d,l){"use strict";l.querySelector&&d.addEventListener&&"undefined"!=typeof URL&&(d.wp=d.wp||{},d.wp.receiveEmbedMessage||(d.wp.receiveEmbedMessage=function(e){var t=e.data;if((t||t.secret||t.message||t.value)&&!/[^a-zA-Z0-9]/.test(t.secret)){for(var s,r,n,a=l.querySelectorAll('iframe[data-secret="'+t.secret+'"]'),o=l.querySelectorAll('blockquote[data-secret="'+t.secret+'"]'),c=new RegExp("^https?:$","i"),i=0;i<o.length;i++)o[i].style.display="none";for(i=0;i<a.length;i++)s=a[i],e.source===s.contentWindow&&(s.removeAttribute("style"),"height"===t.message?(1e3<(r=parseInt(t.value,10))?r=1e3:~~r<200&&(r=200),s.height=r):"link"===t.message&&(r=new URL(s.getAttribute("src")),n=new URL(t.value),c.test(n.protocol))&&n.host===r.host&&l.activeElement===s&&(d.top.location.href=t.value))}},d.addEventListener("message",d.wp.receiveEmbedMessage,!1),l.addEventListener("DOMContentLoaded",function(){for(var e,t,s=l.querySelectorAll("iframe.wp-embedded-content"),r=0;r<s.length;r++)(t=(e=s[r]).getAttribute("data-secret"))||(t=Math.random().toString(36).substring(2,12),e.src+="#?secret="+t,e.setAttribute("data-secret",t)),e.contentWindow.postMessage({message:"ready",secret:t},"*")},!1)))}(window,document);
//# sourceURL=https://magazine.100pour100chassepeche.com/202308/wp-includes/js/wp-embed.min.js
</script>

Il me fait grandement plaisir de vous retrouver chers lecteurs avec la suite de notre article en lien avec les deux périodes de grande vulnérabilité chez les orignaux parue dans l’édition d’août 2022. Nous avons la chance à chaque année d'entendre de nombreux témoignages sur un retour d'activité ou bien une activité plus prononcée lors de l'ouverture de la chasse qui correspond pour plusieurs à la fin septembre.
